{"id":8,"date":"2025-09-18T12:42:39","date_gmt":"2025-09-18T12:42:39","guid":{"rendered":"https:\/\/flydev215.md\/?page_id=8"},"modified":"2025-09-18T12:59:15","modified_gmt":"2025-09-18T12:59:15","slug":"centru-de-deservice-a-consumatorilor","status":"publish","type":"page","link":"https:\/\/flydev215.md\/","title":{"rendered":"Centru de deservire a consumatorilor"},"content":{"rendered":"\n<p>Grafic de lucru:<\/p>\n\n\n\n<p>Luni &#8212; Vineri: 09:00 &#8212; 16:00.<\/p>\n\n\n\n<p>S\u00e2mb\u0103t\u0103 &#8212; duminic\u0103 &#8212; zi de odihn\u0103.<\/p>\n\n\n\n<p><\/p>\n","protected":false},"excerpt":{"rendered":"<p>Grafic de lucru: Luni &#8212; Vineri: 09:00 &#8212; 16:00. S\u00e2mb\u0103t\u0103 &#8212; duminic\u0103 &#8212; zi de odihn\u0103.<\/p>\n","protected":false},"author":1,"featured_media":0,"parent":0,"menu_order":0,"comment_status":"closed","ping_status":"closed","template":"","meta":{"footnotes":""},"class_list":["post-8","page","type-page","status-publish","hentry"],"_links":{"self":[{"href":"https:\/\/flydev215.md\/index.php?rest_route=\/wp\/v2\/pages\/8","targetHints":{"allow":["GET"]}}],"collection":[{"href":"https:\/\/flydev215.md\/index.php?rest_route=\/wp\/v2\/pages"}],"about":[{"href":"https:\/\/flydev215.md\/index.php?rest_route=\/wp\/v2\/types\/page"}],"author":[{"embeddable":true,"href":"https:\/\/flydev215.md\/index.php?rest_route=\/wp\/v2\/users\/1"}],"replies":[{"embeddable":true,"href":"https:\/\/flydev215.md\/index.php?rest_route=%2Fwp%2Fv2%2Fcomments&post=8"}],"version-history":[{"count":2,"href":"https:\/\/flydev215.md\/index.php?rest_route=\/wp\/v2\/pages\/8\/revisions"}],"predecessor-version":[{"id":31,"href":"https:\/\/flydev215.md\/index.php?rest_route=\/wp\/v2\/pages\/8\/revisions\/31"}],"wp:attachment":[{"href":"https:\/\/flydev215.md\/index.php?rest_route=%2Fwp%2Fv2%2Fmedia&parent=8"}],"curies":[{"name":"wp","href":"https:\/\/api.w.org\/{rel}","templated":true}]}}